the units digit of m?
8
Let l = -3 + 6. Suppose -5*b - 126 = 38*u - 42*u, 0 = -4*b - 24. Suppose u = l*d - 255. What is the tens digit of d?
9
Suppose 531*u = 575*u - 171380. What is the thousands digit of u?
3
Let g(v) = -v**2 - 1. Let y(z) = 14*z**2 + 3*z + 10. Let s(h) = 6*g(h) + y(h). Let c be s(8). Suppose 3*u + 3*u = c. What is the units digit of u?
0
Let a be (-277)/5 + (-200)/125. Let v = a + 1037. What is the tens digit of v?
8
Suppose -429*z + 417*z = -9948. What is the units digit of z?
9
Let v(p) = -3*p**3 + 53*p**2 - 20*p - 44. What is the tens digit of v(-13)?
6
Suppose -364 - 1326 = -13*y. Let n = y - -251. What is the hundreds digit of n?
3
Suppose 26 = -5*o + 796. Suppose 2*z - 4*z = -3*t + o, -5*t - 103 = z. Let i = z - -150. What is the tens digit of i?
6
Suppose 0 = -13*u + 22556 + 108389 - 1998. What is the thousands digit of u?
9
Suppose -2406229 - 1987754 = -72*p + 84633. What is the thousands digit of p?
2
Suppose -g - 2*n + 196 + 177 = 0, g + 5*n - 376 = 0. Suppose 2*y = -4*q + 887 + g, 0 = -q - 2*y + 319. What is the hundreds digit of q?
3
Let z(g) = -105*g - 13. Let c be z(-5). Suppose 0 = -2*h + 1358 - c. What is the hundreds digit of h?
4
Let j = 3558 + -5994. What is the tens digit of ((-240)/56)/(18/j)?
8
Suppose 2*s - 2*y - 65242 = 0, -35*y - 97833 = -3*s - 37*y. What is the hundreds digit of s?
6
Suppose o + 6*k - 10*k = -2, 4*o - 3*k + 21 = 0. What is the tens digit of o*(-56)/18*3?
5
What is the tens digit of (-10310)/(-20) - (-9)/6?
1
Let s(i) = i**3 + 13*i**2 - 12*i - 8. Let q be s(-12). Let h be q/36 - 4/(-18). Suppose -h*c - c + 45 = 0. What is the units digit of c?
5
Suppose -62933 - 49032 = -4*x + 62307. What is the tens digit of x?
6
Let t(b) = 2*b**2 + 10*b - 54. Let z be t(-8). What is the tens digit of 384 - 45/z*4/(-6)?
7
Suppose 8*j - 34 = -2. Suppose 0 = -12*q - j*q + 32. Suppose q*h - 55 = 425. What is the units digit of h?
0
Let p(z) = -z**3 + 13*z**2 + 15*z - 15. Let m be p(14). Let a be 5 + 1 + (-2 - m). Suppose a = -5*c, c - 39 = -3*k + 4*c. What is the units digit of k?
2
Let n(d) = -d**3 + 56*d**2 - 37*d + 98. What is the tens digit of n(18)?
4
Suppose -4*b = -3*q - 4926, 0 = -4*b - 8*q + 12*q + 4928. Suppose -2*h + 6*m - 3*m = -1233, -2*h + 2*m + b = 0. What is the units digit of h?
2
Suppose 8*w - 5942 - 25394 = 0. What is the units digit of w?
7
Suppose -27 = -96*l + 87*l. Let w(k) = 162*k + 32. What is the hundreds digit of w(l)?
5
Suppose -k + 521 = 43. Let f = k + -242. Suppose -2*y - 2*r = -4*r - f, -360 = -3*y + 5*r. What is the tens digit of y?
1
Suppose 8*z - 195 = -5*z. Suppose -5*y = z + 10, q = 5*y + 670. What is the hundreds digit of q?
6
Let j(t) = t + 9. Suppose 3*u - 7*u = -4*d - 16, 4*u + 38 = -5*d. Let k be j(d). Suppose 64 = k*p + 1. What is the units digit of p?
1
Let t = 12 - 9. Suppose -t*v + 5*v = 5*y - 394, -3*y - 2*v + 246 = 0. Suppose 4*i + 0*i = y. What is the tens digit of i?
2
Suppose 4*f + 3 = -1. Let g be 360/75 - f/5. Suppose -5*i = -g*o + 650, 5*o - 680 = -i - 0*i. What is the tens digit of o?
3
What is the thousands digit of (-6 - 112275/(-6))*(-96)/(-36)?
9
Suppose 4*k + 8 = -4*u, -3*u - 2*u + 4*k + 26 = 0. Let l(c) = 111 + c**u + c + 15 + 169 + 13 + c**3. What is the hundreds digit of l(0)?
3
What is the hundreds digit of (-4 - (-22 - -12)) + 1 + 6085?
0
Suppose -19*l + 35 + 3 = 0. Suppose l*t + 648 = d + d, 0 = 2*d + 3*t - 633. What is the units digit of d?
1
Let v = -11 + 20. Suppose 10*w - 2 = v*w. Let x(a) = 18*a - 6. What is the tens digit of x(w)?
3
Suppose 1278676 + 605971 = 85*a - 3873933. What is the hundreds digit of a?
7
Suppose -p - 4*n = -21979 + 104, -p - 2*n = -21881. What is the tens digit of p?
8
Suppose 12*v - 7*v - 25 = 0. Suppose -3*y - 22 = -j - 8, -v*j = 4*y - 13. Suppose 3*d - j*d = 0, -5*d + 112 = c. What is the tens digit of c?
1
Suppose -310 = 12*n + 194. Let l = -7 + -1. What is the tens digit of (-1128)/n*(-28)/l?
9
Suppose 5*x = -3384 + 319. Let v = x + 621. What is the units digit of v?
8
Suppose 65*g = 64*g + 4043. Suppose -10*q + g + 4847 = 0. What is the tens digit of q?
8
Let h = 54 - 43. Suppose -h*n + 14*n = -12. Let c(k) = -32*k - 5. What is the units digit of c(n)?
3
Let t = 120 - 118. Suppose -273 - 473 = -t*k. What is the tens digit of k?
7
Suppose -150*k + 6882504 = 1270554. What is the thousands digit of k?
7
Suppose 0 = n - 1, 0 = -q + n + 4 - 3. Suppose q*f - 9*f + 1610 = 0. Suppose -571 = -5*v + 3*m, -2*v = -m - m - f. What is the hundreds digit of v?
1
Suppose 5*r - 17*x + 18*x - 52029 = 0, 4*r - 2*x - 41612 = 0. What is the hundreds digit of r?
4
What is the thousands digit of (2 - 2) + -5 + 5493 + 1?
5
Let c(k) = -10*k - 22. Let m(b) = -b**3 + 7*b**2 - 7*b + 8. Let l be m(6). Suppose -30 - 18 = 4*h + 4*z, 4*h - l*z = -42. What is the tens digit of c(h)?
8
Suppose -j = -3*b - 11889, -2*j + 2*b = -0*b - 23802. What is the hundreds digit of j?
9
Suppose -i + 2*j = -142, -4*i + 5*j = -i - 429. Let h = -118 + i. What is the tens digit of h?
3
Let f = -19032 - -26105. What is the tens digit of f?
7
Let i = 52244 - 15847. What is the thousands digit of i?
6
Suppose -3*t = -3*h + 10 + 17, -4*t = 0. Suppose 203 - 1283 = -h*c. What is the tens digit of c + -1 + 4 + 4/(-4)?
2
Let c = -7783 - -14136. What is the units digit of c?
3
Let k be 11/((-33)/6) - 141/(-1). Suppose 2*q = -k + 931. What is the units digit of q?
6
Let k(n) be the third derivative of -n**4/12 + 25*n**3/6 - 9*n**2. Let b be k(-11). What is the units digit of 2*(b + -1 + -3)?
6
Let a(d) = 357*d. Suppose 0 = 5*q + 68 - 63. Let s be a(q). Let i = s - -540. What is the units digit of i?
3
Let x(p) = 7*p**2 - 13*p - 42. Let i(h) = -4*h**2 + 20*h - 6. Let w be i(5). What is the units digit of x(w)?
8
Let d(l) = 6*l**2 - 17*l + 43. Let t be (32/20)/(-1)*(3 - 8). What is the units digit of d(t)?
1
Let p(w) = 4*w**2 + 26*w - 9. Let c = 186 - 196. What is the units digit of p(c)?
1
What is the tens digit of (11251240/(-64))/(-11) + (-15)/8 + 2?
8
Let a = -39869 - -61584. What is the ten thousands digit of a?
2
Let m = 60246 + -5700. What is the tens digit of m?
4
What is the hundreds digit of (-129331)/(-23) - (13850/575 - 24)?
6
Let z = 158 + 571. Let g = z - 506. What is the hundreds digit of g?
2
Suppose 9*f - 15780 + 2217 = 0. Suppose 26*m - 6709 = f. What is the tens digit of m?
1
Suppose -2580 = -3*t + 45. Suppose 0 = -2*o - 5*o + t. What is the tens digit of o?
2
Suppose -3*y = -0*y + 4*z + 187, y + 79 = 2*z. Let f = y - -64. What is the tens digit of (-2)/5 - 427/f?
8
Let d(r) be the first derivative of 3*r**2/2 + r - 14. Let l be d(1). Suppose -5*w + 171 + 611 = -l*f, -f + 613 = 4*w. What is the tens digit of w?
5
Suppose -4*t + 4*k + 265 = -7*t, 2*t + 3*k = -178. Let a = 83 + t. Suppose -3*y + a*y = -216. What is the tens digit of y?
7
Let k(h) be the second derivative of h**4/12 + h**3 - 15*h**2 + 14*h - 7. Suppose 0 = -0*o + o + 10. What is the units digit of k(o)?
0
Let q(b) = 38*b**3 + 5*b**2 - b - 4. Let t be (-12)/54 + (-114)/(-27) + -1. What is the units digit of q(t)?
4
Suppose -2*n = -2, 12*v + 5*n = 10*v - 67. What is the units digit of (9/v)/((-1)/152)?
8
Let x(w) = 6 - 10 + 8*w + 2. Let v be x(1). Let s(b) = b**2 + 5*b + 10. What is the units digit of s(v)?
6
Let c be 16/(2 + 2) + -18. Let r = -47 + c. Let x = -60 - r. What is the units digit of x?
1
Let w(z) = 34*z + 60 - 22*z + 69*z. What is the tens digit of w(2)?
2
Suppose -341687 = -17*d + 493523. What is the units digit of d?
0
What is the ten thousands digit of (804336/144)/(6/(-108)*-3)?
3
Let m be (1/1 + -6)*-1. Suppose t + 4*t = -5*a - 95, 2*a - m*t + 73 = 0. Let o = a + 41. What is the units digit of o?
7
Suppose -2*u = 8 - 14. Suppose 4*g + 876 = 5*s, -s - u*g = -2*s + 184. Let n = s + -101. What is the tens digit of n?
7
Let h be 6 + -5 + 3/(1 + 2). Let j be 636/3 - h/(-1). Let s = 303 - j. What is the tens digit of s?
8
Suppose -185382 = -113*z + 123076 + 238236. What is the hundreds digit of z?
8
Let x(j) = -j**3 + 19*j**2 + 21*j + 22. Let l be x(20). Suppose -l*a + 34*a = -5912. What is the tens digit of a?
3
Let l(u) = u**2 + 14*u + 13. Let i be l(-13). Suppose -5*v + 9*v = i. Suppose -2*x - 4*k - 4 + 14 = v, 5*x - 4*k - 11 = 0. What is the units digit of x?
3
Let